-2))/(2/(-5)). What is the remainder when g(o) is divided by 5?
3
Let h = 24 + 21. Let r = 85 - h. Suppose f + 3*f = 84. What is the remainder when r is divided by f?
19
Let i(b) = b**2 + 2*b + 3. Let a be i(6). Let n(u) = 86*u + 1. Let q be n(1). Let y = q - a. Calculate the remainder when y is divided by 13.
10
Let v(n) = -n**2 - 3*n - 2. Let p be v(-2). Suppose p = -q + 3*q. Suppose -3*u + 8 + 61 = q. Calculate the remainder when u is divided by 8.
7
Let c = -22 + 54. What is the remainder when c is divided by 7?
4
Let r = -4 - -2. Let s(n) = -7*n + 2. Suppose 48 + 582 = 21*k. Calculate the remainder when k is divided by s(r).
14
Let l(u) = u**2 - 4*u + 6. Let k be l(5). Let c = 8 - 14. Let j = c + k. What is the remainder when j is divided by 3?
2
Suppose 0 = -b + 2*b - 6. What is the remainder when 310/b - (-3)/9 is divided by 18?
16
Let u(i) = -i + 1. Let j be u(-9). Suppose 5*q + 12 = p, -2*p + 2*q = -j - 30. Calculate the remainder when 41 is divided by p.
19
Suppose 3*r = 26 + 19. What is the remainder when r is divided by 5?
0
Suppose -5*c = -4*c. Suppose c = -5*d + 3*d + 3*k + 65, -4*d + 3*k = -145. What is the remainder when d is divided by 14?
12
Let g(z) = -2*z - 10. Let c be g(-7). Suppose -c*u + 29 + 39 = 0. What is the remainder when 32 is divided by u?
15
Suppose o = 5*h + 3*o - 62, -5*o = -h + 34. Let q = 5 + -1. Suppose -q*f = -0*f - 32. Calculate the remainder when h is divided by f.
6
Suppose 5*j = 5*n - 95, 65 = -n + 4*n + 5*j. Calculate the remainder when 59 is divided by n.
19
Let i = -4 + 5. Let y(n) = n**2 + 5*n + 1. Calculate the remainder when i is divided by y(-5).
0
Suppose f - 26 = -3*s, -2*f + 19 + 6 = -3*s. What is the remainder when 67 is divided by f?
16
Suppose b = -1, -4*b = -3*d + b + 224. Calculate the remainder when d is divided by 25 - (-1 + (2 - 1)).
23
Suppose 2*g = -19 - 9. Let w = -7 - g. What is the remainder when 19 is divided by w?
5
Suppose -14 = -3*k + 1. Calculate the remainder when 16 - ((-1)/2)/(1/2) is divided by k.
2
Suppose -4*x = -3*k - 273, -4*x = 3*k + 1 - 280. Let c(n) = 2*n**2 + 6*n - 2. What is the remainder when x is divided by c(-5)?
15
Let w(u) = u**3 + 3*u**2 - 4*u + 5. Let v = 23 + -10. Calculate the remainder when v is divided by w(-4).
3
Suppose -7 = -k + 3*u, 0*u - u = -3*k + 13. Suppose -3*h = -k - 5. Calculate the remainder when 8 is divided by h.
2
Suppose -5*b - 311 = -3*o, 2*o = 7*b - 2*b + 204. What is the remainder when o is divided by 34?
5
Let p be 9/2*(-112)/(-12). Suppose -p + 7 = 5*t. What is the remainder when 46 is divided by (-6)/t*(14 + 0)?
10
Let r = 18 + -8. Suppose -4*y + 38 = -r. What is the remainder when 45 is divided by y?
9
Let o(w) = 4*w + 1. Let c be o(1). Let k = c + -17. What is the remainder when 293/6 + (-2)/k is divided by 17?
15
Let a be 5*2*2/4. Suppose 7 = m - a*f - 40, -2*m = 5*f - 64. What is the remainder when m is divided by 10?
7
Let b(v) = -v**3 + 3*v**2 + v. Let p be b(3). Suppose p*u - 13 = -4. Calculate the remainder when 26 is divided by (60/u + -2)/2.
8
Let l(x) = 3*x**2 - 3*x - 4. Let r = -2 - 2. Let f(d) = d**2 - 5*d + 5. Calculate the remainder when l(r) is divided by f(7).
18
What is the remainder when (2/(-3))/((-4)/222) is divided by ((-20)/7)/((-86)/301)?
7
Suppose 3*l = -l - 376. What is the remainder when l*1*(-2)/4 is divided by 12?
11
Let b(k) = -2*k + 30. Let o be b(0). Let p = -12 + o. Calculate the remainder when p is divided by 5.
3
Let y be 1232/104 + 2/13. Suppose -y = -w + 25. Calculate the remainder when w is divided by 19.
18
Suppose 0 = -7*m + 15*m - 416. What is the remainder when m is divided by 11?
8
Let y(b) = -2*b**2 + b + 1. Let h be y(2). Suppose 3*g = -6, -12 = -2*k - 6*g + 2*g. Let w = h + k. Calculate the remainder when 13 is divided by w.
3
Suppose 3*c - c = 50. Let q = c + 20. What is the remainder when q is divided by 23?
22
Let c(v) = 8*v. Suppose -f = -p + 15 - 36, -4*f + 5*p = -82. What is the remainder when 1*f*(1 - 0) is divided by c(1)?
7
Let p(s) = -s**3 + 9*s**2 - 6*s + 1. Calculate the remainder when 132 is divided by p(8).
13
Suppose k + 5*u - 46 = 2, 2*u - 102 = -4*k. What is the remainder when k is divided by 12?
11
Suppose -20 = -4*l + 3*l - 2*y, 2*l - 36 = -2*y. Suppose -v - 13*s + 17*s - 6 = 0, -3*v - 5*s + 33 = 0. Calculate the remainder when l is divided by v.
4
Let q(j) = -4*j**3 - j**2. Calculate the remainder when q(-2) is divided by 45/6*(3 - 1).
13
Suppose 22 + 8 = 5*x. Suppose -b = -5*b + 56. Let n = b + -5. Calculate the remainder when n is divided by x.
3
Suppose 5*y - 87 = -z, 0 = -6*y + 5*y + z + 15. Let j = -6 - -104. Suppose -m - j = -3*m. Calculate the remainder when m is divided by y.
15
Let n(j) = 4*j + 1. Let r = -21 - -39. Suppose -f = f - r. What is the remainder when n(4) is divided by f?
8
Suppose -1 = -i + 2. Suppose 0*f + 2*f + p - 40 = 0, f = i*p + 13. What is the remainder when 92 is divided by f?
16
Suppose 4*h = -3*a + 218, 0 = -3*h - 0*h + 2*a + 172. Let t = -3 - -7. Suppose t*p - h = s, 2*p + 2*p - 56 = -2*s. What is the remainder when p is divided by 8?
6
Suppose -4*k - 3*w = -82, 0*k - 2*k + 34 = 5*w. Calculate the remainder when 87 is divided by k.
21
Let i be ((-44)/55)/((-4)/(-290)). Let d = -36 - i. Calculate the remainder when d is divided by 6.
4
Suppose -6 = -2*s + 4*q + 4, -4*q = 0. What is the remainder when 31 is divided by 82/s - (-6)/(-15)?
15
Suppose -p - p + 4 = 0, -3*g - 2*p + 79 = 0. What is the remainder when 73 is divided by g?
23
Suppose -4*j = -5*j + 5, -5*b - 5*j - 75 = 0. Let n be (-1)/(-2) + b/(-8). Suppose n*t + t = 4. Calculate the remainder when 2 is divided by t.
0
Let b = 22 + 111. Calculate the remainder when b is divided by 34.
31
Suppose 26 = 3*h - 46. Let j = 62 - 36. What is the remainder when h is divided by -1*(-1)/(2/j)?
11
Let x(j) = j**2 + j. Suppose -5*o = 2*b + 16, 4*b + 21 = 4*o - 39. Let w = b + 24. Calculate the remainder when w is divided by x(2).
5
Suppose 53 - 21 = 4*o. What is the remainder when 21 is divided by o?
5
Let p(r) = -r**3 + 6*r**2 + 2*r - 9. Let g be ((-4)/12)/((-1)/75). Let t = -18 + g. What is the remainder when t is divided by p(6)?
1
Let i(y) be the third derivative of -y**4/24 - 2*y**3/3 + 2*y**2. Let b be i(-4). Suppose b = 2*n + n - 24. Calculate the remainder when 14 is divided by n.
6
Let j be (2 + 0)*(-15)/(-6). Suppose r = j*q - 142, q = 4*r + 7 + 29. What is the remainder when q is divided by 10?
8
Suppose -80 - 8 = -l. Let m = l + -53. What is the remainder when m is divided by 13 - (-3)/6*(-1 + -1)?
11
Let l = -9 + 14. What is the remainder when l is divided by 3?
2
Let z(k) = 2*k**2 - 3*k - 7. Let o be z(-7). Let p = o + -73. Calculate the remainder when p is divided by 14.
11
Let h(v) = v**2 - 5*v + 2. Let y be h(6). Let l = 89 + -27. Calculate the remainder when l is divided by (63/(-12))/((-2)/y).
20
Let i(u) = -u**2 + 24*u - 30. Suppose 5*q - 172 = 28. What is the remainder when q is divided by i(22)?
12
Suppose -2*v + 13 = -5. What is the remainder when 33 is divided by v?
6
Suppose d - 2*d + 3*p = -22, 43 = 4*d + 3*p. Calculate the remainder when d is divided by 8.
5
Suppose -2*z - 3*u + 25 = 1, 5*z + 5*u - 55 = 0. Suppose 0 = -2*s + 2*t + 28, 0*t - 5 = -s + 4*t. What is the remainder when s is divided by z?
8
Let a = -10 - -52. What is the remainder when a is divided by 24?
18
Let h(k) = 2*k**2 + 3. Let d be h(3). Suppose 0 = 2*t + t - d. Let s(u) = -u**3 + 24*u**2 - 21*u - 28. Calculate the remainder when s(23) is divided by t.
4
What is the remainder when -36*5*3/(-6) is divided by 31?
28
Let t(j) = 4*j**3 + j + 1. Let g be t(-1). Let x(m) = m**3 + 7*m**2 + 5*m + 6. Suppose -2*o - 3*o = -60. Calculate the remainder when x(g) is divided by o.
10
Suppose 0 = 2*y + y + 9. What is the remainder when (-3)/y - (0 + -31) is divided by 17?
15
Calculate the remainder when 90 is divided by ((-69)/12)/((-1)/4).
21
Suppose -2*j - w + 64 = 0, -j + 68 = j + 2*w. Suppose 3*t = 5*t - j. Calculate the remainder when 57 is divided by t.
12
Suppose 4*m - m = 90. What is the remainder when m is divided by 16?
14
Suppose 4*i - 6*i + 26 = 0. What is the remainder when 25 is divided by i?
12
Let w = 9 + 8. What is the remainder when (-187)/(-4) + (-1)/(-4) is divided by w?
13
Let j = -3